343 prime?
False
Is 419129057 prime?
True
Is 142860469 a composite number?
True
Is 490142 composite?
True
Is 40735067 a composite number?
False
Is 206174617 a prime number?
False
Is 49824731 composite?
True
Is 8545967 a prime number?
True
Is 24149179 a composite number?
False
Is 36722251 a prime number?
True
Is 5370137 a composite number?
False
Is 3586145 a prime number?
False
Is 4233161 a prime number?
True
Is 28149053 prime?
False
Is 29187379 a composite number?
True
Is 338269 composite?
False
Is 6328057 composite?
True
Is 3201689 composite?
False
Is 47114579 composite?
True
Is 5766673 composite?
True
Is 11622199 prime?
False
Is 280590397 a prime number?
False
Is 2547719 prime?
True
Is 12627239 prime?
False
Is 29555501 prime?
False
Is 523511 prime?
True
Is 54714197 a prime number?
True
Is 1905037 prime?
False
Is 333093961 a prime number?
False
Is 34410835 prime?
False
Is 594452431 prime?
True
Is 101467987 a prime number?
True
Is 11719823 a composite number?
False
Is 3624053 prime?
False
Is 13662569 prime?
False
Is 263754229 prime?
False
Is 13177379 composite?
False
Is 55564469 a composite number?
False
Is 27895523 a prime number?
False
Is 33017861 a prime number?
False
Is 5309455297 composite?
False
Is 113172253 composite?
False
Is 2568361 prime?
True
Is 8316229 a prime number?
False
Is 2191549 composite?
False
Is 24504058 a prime number?
False
Is 154285619 prime?
True
Is 135065713 composite?
False
Is 441713 prime?
True
Is 204190193 a composite number?
False
Is 6569903 a composite number?
True
Is 10812437 prime?
True
Is 10704649 a prime number?
False
Is 137702231 a prime number?
False
Is 1855031 composite?
False
Is 13381991 a prime number?
False
Is 6611817 a prime number?
False
Is 380839027 a prime number?
True
Is 25055557 a composite number?
False
Is 3823451 a prime number?
False
Is 19514569 a composite number?
False
Is 3728641 composite?
True
Is 10839781 a prime number?
True
Is 1233108169 a composite number?
True
Is 11770427 a composite number?
True
Is 3861167 composite?
False
Is 5906977 prime?
True
Is 138493609 a prime number?
True
Is 3551441 a composite number?
False
Is 13307761 prime?
True
Is 91688521 prime?
True
Is 1894987 composite?
True
Is 6548081 prime?
False
Is 36649639 composite?
True
Is 31613717 composite?
False
Is 4229821 a composite number?
True
Is 2202773 a composite number?
True
Is 3043967 a prime number?
False
Is 55455623 composite?
True
Is 260330221 composite?
False
Is 110164723 a composite number?
True
Is 596983217 a prime number?
False
Is 6339743 prime?
False
Is 25931651 composite?
True
Is 45010529 prime?
True
Is 159311 composite?
False
Is 1025537 a prime number?
True
Is 45592733 prime?
True
Is 10440431 composite?
True
Is 30568607 composite?
False
Is 6521071 a prime number?
True
Is 143068577 prime?
True
Is 19369993 a prime number?
False
Is 9212591 prime?
False
Is 2191261 a prime number?
True
Is 425569 a prime number?
False
Is 3032903 a prime number?
False
Is 64504337 a prime number?
True
Is 4759871 a composite number?
False
Is 13726079 composite?
False
Is 446333 composite?
False
Is 20093591 composite?
True
Is 35034859 a prime number?
False
Is 82094755 composite?
True
Is 66582059 a composite number?
True
Is 28362023 a composite number?
False
Is 209491 composite?
True
Is 44619307 a prime number?
True
Is 1646134253 a prime number?
True
Is 3280611 a composite number?
True
Is 2367059 a prime number?
True
Is 20444443 composite?
True
Is 7550677 a prime number?
True
Is 1531111 a prime number?
True
Is 1974391 composite?
False
Is 22634817 a composite number?
True
Is 2766727 a composite number?
False
Is 12118069 composite?
True
Is 32592869 a composite number?
True
Is 95821541 prime?
False
Is 399061381 a prime number?
True
Is 24975307 composite?
True
Is 6371567 prime?
False
Is 54362827 a composite number?
False
Is 253454777 a prime number?
True
Is 24318527 composite?
True
Is 3041965 a composite number?
True
Is 154543 composite?
False
Is 3071923 a prime number?
True
Is 1683547 a prime number?
False
Is 57963539 composite?
False
Is 70752995 prime?
False
Is 529256719 a composite number?
False
Is 1092799 prime?
False
Is 17775479 prime?
False
Is 6783971 a prime number?
True
Is 84953917 a composite number?
False
Is 5449099 composite?
False
Is 34586933 composite?
False
Is 3361889 a composite number?
False
Is 1420817 a prime number?
True
Is 7512077 prime?
False
Is 22390157 composite?
False
Is 102997099 composite?
True
Is 4367687 a prime number?
False
Is 1996831 a prime number?
False
Is 532485881 a prime number?
True
Is 412517729 a prime number?
False
Is 4030214 composite?
True
Is 118246309 composite?
False
Is 138001907 a composite number?
True
Is 33071173 a prime number?
True
Is 44666033 composite?
False
Is 1971967 composite?
False
Is 142855133 a prime number?
True
Is 10089221 prime?
True
Is 195967 a prime number?
True
Is 806990441 a prime number?
True
Is 247459319 composite?
True
Is 108414407 composite?
True
Is 1990757 a composite number?
True
Is 8811859 prime?
False
Is 134791889 prime?
True
Is 668273 a composite number?
False
Is 198086651 a composite number?
True
Is 9943273 prime?
False
Is 18018751 composite?
True
Is 10486219 a prime number?
True
Is 9654049 composite?
True
Is 71272793 prime?
True
Is 10435619 prime?
True
Is 532867 prime?
True
Is 10146943 prime?
False
Is 371027 prime?
True
Is 67474711 composite?
False
Is 26463839 composite?
False
Is 148551407 composite?
True
Is 1504147 composite?
False
Is 2028053 composite?
False
Is 76084367 composite?
True
Is 120286217 prime?
True
Is 31350731 composite?
False
Is 280388039 composite?
True
Is 5955487 a composite number?
False
Is 15160663 composite?
True
Is 223926013 prime?
True
Is 430649 prime?
True
Is 322407881 a prime number?
True
Is 266879 a prime number?
False
Is 92041297 composite?
False
Is 120879241 a prime number?
False
Is 790109 composite?
True
Is 4205269 prime?
True
Is 26037481 a composite number?
False
Is 374627 prime?
False
Is 24188453 prime?
True
Is 7159063 composite?
False
Is 486531193 prime?
True
Is 191857 prime?
False
Is 169657 a composite number?
False
Is 8949179 a composite number?
True
Is 206449 composite?
True
Is 3080411 composite?
True
Is 66675913 prime?
True
Is 6116077 a prime number?
False
Is 31269377 composite?
False
Is 365291 composite?
False
Is 162451727 a prime number?
False
Is 65481497 a composite number?
True
Is 49181707 composite?
True
Is 11090603 composite?
True
Is 69842197 prime?
False
Is 8893649 a composite number?
False
Is 30879445 prime?
False
Is 18718709 a composite number?
False
Is 6271781 prime?
False
Is 66285301 composite?
True
Is 32797723 a composite number?
True
Is 19335607 prime?
True
Is 6506851 prime?
False
Is 20014721 prime?
True
Is 467243303 a composite number?
False
Is 17461099 composite?
True
Is 62775989 a prime number?
False
Is 6497003 a composite number?
False
Is 464267047 prime?
False
Is 4403305 a composite number?
True
Is 19009303 a composite number?
False
Is 569476601 a composite number?
True
Is 1225108769 composite?
False
Is 60778147 prime?
False
Is 168135059 composite?
False
Is 348909299 a prime number?
True
Is 39818469 composite?
True
Is 4392041 a prime number?
False
Is 921633407 a composite number?
True
Is 1540997 prime?
True
Is 94515023 a prime number?
True
Is 53014631 a composite number?
True
Is 9229291 a composite number?
False
Is 29929227 a prime number?
False
Is 230634489 composite?
True
Is 1505033 composite?
False
Is 2889401 composite?
True
Is 214129549 prime?
True
Is 71983547 a prime number?
True
Is 32620589 a prime number?
False
Is 46386383 prime?
True
Is 2242105 composite?
True
Is 42953969 a composite number?
True
Is 42529057 prime?
True
Is 285101 composite?
False
Is 17638193 composite?
True
Is 2456143 a composite number?
True
Is 75218197 prime?
False
Is 2362814 prime?
False
Is 152645063 prime?
True
Is 19157497 composite?
False
Is 109538677 prime?
True
Is 35804533 a prime number?
False
Is 35173429 a prime number?
True
Is 6884147 prime?
True
Is 39074281 composite?
True
Is 2536987 prime?
False
Is 920459 a composite number?
True
Is 3757357 a composite number?
True
Is 837419901 composite?
True
Is 24605995 prime?
False
Is 38691337 prime?
False
Is 13053707 a composite number?
False
Is 58647557 a composite number?
False
Is 200539 a 